= -2*l + f*i + 120. What is the tens digit of l?
6
Suppose -5*i + 2248 = -4*h, 0 = -4*i - 4*h + 2*h + 1788. What is the hundreds digit of i?
4
Let l(a) = a**2 + 9*a + 35. Let p be l(-14). Suppose p = -4*c + c. Let f = -16 - c. What is the units digit of f?
9
Let p(z) = -151*z - 99. What is the hundreds digit of p(-6)?
8
Let k be ((-4)/12)/((-1)/(-15)). Let i be k*5/((-50)/6). Suppose -2 - 79 = -i*o. What is the units digit of o?
7
Suppose -p = -1, 4*c + 2*p = 6*p + 316. Suppose 5*o = 6*o - c. Suppose 4*u = -3*w + 7*w - o, 2*u - 56 = -2*w. What is the tens digit of w?
2
Let g = -10 + 10. Suppose g = -2*j + 12 - 6. Suppose -3*l + 80 = 2*i, -14 = -j*i - 2. What is the units digit of l?
4
Suppose -5*a + 12 = 4*x, -2*a - 7 = -2*x - 1. Suppose -306 = -3*s - 4*f, 3*s = -3*f - a*f + 306. What is the units digit of s?
2
Suppose 20*i = 2398 + 442. What is the units digit of i?
2
Let i(n) = 3*n**2 - 11. Let d(c) = c**3 - 5*c**2 + c + 7. Let m be d(5). Let w = m - 8. What is the tens digit of i(w)?
3
Let z(a) = 6*a**3 - 13*a**2 - 7*a - 12. Let y(t) = 5*t**3 - 13*t**2 - 8*t - 13. Let l(k) = 5*y(k) - 4*z(k). What is the tens digit of l(14)?
1
Suppose 0 = -7*b + 1669 + 2454. What is the units digit of b?
9
Let s(f) = -6*f - 9. Let r(k) = -k - 2. Suppose 0 = -0*v + 4*v - 16. Let m be r(v). What is the tens digit of s(m)?
2
Let u(g) = -g + 2. Let p(c) = c**3 - 3*c**2 - 3*c - 4. Let v be p(4). Let m be u(v). Suppose -3*s = -m*s - 13. What is the units digit of s?
3
Let m(v) = v**3 - v**2 - 3*v + 2. Let b be m(2). Suppose o + 35 = -b. What is the tens digit of (40/o - -4)*7?
2
Let n = -326 - -183. Let o = -72 - n. What is the tens digit of o?
7
Let h(m) = m**3 + 6*m**2. Let b be h(-6). Let c be (-1)/(b - 1) + -1. Suppose c = -4*g - 23 + 103. What is the tens digit of g?
2
Let m = 1906 + -712. What is the tens digit of m?
9
Let q(t) = t**3 + 5*t**2 - 4*t - 2. Let v be 4 + -8 + (-4 - -2). Let m be q(v). What is the units digit of ((-93)/6)/(7/m)?
1
Suppose r = -11*r + 648. Suppose 49*l = r*l - 685. What is the units digit of l?
7
Let b = -40 - -45. Suppose -b*x - 194 = -z, -z + 352 = z + 2*x. What is the hundreds digit of z?
1
What is the units digit of ((-6365)/10)/((-3)/6) - 5?
8
Suppose 0 = v + 4*v - s - 6370, -5*v + 6400 = 5*s. What is the units digit of v?
5
Let d = -6 - 15. Suppose -18*v = -14*v - 28. What is the tens digit of (-645)/d - (-2)/v?
3
Let l = 76 - 40. Suppose 5*o + 49 + l = 0. Let k(u) = -2*u + 21. What is the tens digit of k(o)?
5
Let n(i) = -i + 20. Let q be n(14). Let r be (4/q)/((-14)/399). Let b = r + 34. What is the tens digit of b?
1
Let r(c) = 2*c**3 - 7*c**2 - 38*c + 132. What is the tens digit of r(10)?
5
Suppose 76 = 3*d - 887. Suppose -239 - d = -4*b. What is the units digit of b?
0
Suppose -11*x = -6*x + 3*c - 1761, 0 = 2*c - 4. What is the hundreds digit of x?
3
Let h = -7 + 8. Let q(n) = -11*n + 18*n**3 + 11*n + 10*n**3 + n**2. What is the tens digit of q(h)?
2
Let m(s) = -636*s**3 - s**2 + 3*s + 2. What is the units digit of m(-1)?
4
Let p(r) = 6*r - 6 + 3 - 3 - 4*r. Let s(i) = -6*i + 1. Let y be s(-1). What is the units digit of p(y)?
8
Let w(t) = t**3 - 36*t**2 - 69*t - 29. What is the hundreds digit of w(38)?
2
Suppose -2*o + 264 + 94 = 0. Let b = -83 + o. What is the tens digit of b?
9
Suppose -21554 = 3*q - z - 1181, 3*q - 5*z = -20385. What is the tens digit of -2*(2/7 - q/(-98))?
3
Suppose -1883 = -4*q + 45. What is the tens digit of q?
8
Let x = -18 + 20. Let f be (-13 + 7)/(x*-1). What is the units digit of (-2)/(-6)*f + 34?
5
Suppose -3*o + 641 = m, 10*m - 4*o = 11*m - 636. What is the hundreds digit of m?
6
Let q(a) = -17*a**2 - 2*a + 1. Let i be q(1). Let u be i/(2/(-1) + 1). Let x = 35 - u. What is the tens digit of x?
1
What is the thousands digit of (-14)/16 + 1 + (-4176098)/(-1264)?
3
Let w(b) = -b**3 + b**2 + b. Let z(t) = -4*t**3 + 5*t**2 + 5*t + 1. Let q(m) = 9*w(m) - 2*z(m). Let y be q(0). What is the tens digit of (-3)/y + 435/10?
4
Suppose -2*t + 5*b = 17, -4*t + 5*b - 12 = -3. Suppose -108 = -2*y + q, 20 = y + t*q - 16. What is the tens digit of y?
5
Suppose -4*p = 3*g - 3*p - 11, 0 = -p + 5. Let z be (1/(-2))/((-1)/94). Suppose -l + 50 = g*h, -3*h + z + 22 = 3*l. What is the tens digit of h?
2
Let o(b) = -2*b + 4. Let a be o(-2). Let c(d) = 2*d - 17. Let r be c(a). What is the tens digit of -7*(-2 - r)*4?
2
Let n(v) = v + 14. Let q(r) be the third derivative of r**6/120 + 11*r**3/6 + 2*r**2. Let l be q(0). What is the units digit of n(l)?
5
Let o = 2248 - 1600. Suppose -5*d - f = -o, 0 = -0*f + 2*f + 4. What is the tens digit of d?
3
Let m(u) = u**3 - 9*u**2 + 9*u - 2. Let s be m(8). Let v(q) = q**3 - 4*q**2 - 3*q - 8. Let c be v(s). Suppose -5*r - c = -216. What is the tens digit of r?
3
Suppose 5*n = -8 + 18. Suppose 0 = -n*l + 5*o + 11, -3*o - 13 = -5*l - 5*o. What is the tens digit of l/((-15)/(-190) + 0)?
3
Let y = -8 + 12. Suppose -3*a - d = -y*d - 57, -87 = -5*a + 3*d. Let v = a + -3. What is the tens digit of v?
1
Let k = 55 - -465. What is the hundreds digit of k?
5
Let c(r) = 334*r + 13. What is the units digit of c(1)?
7
What is the units digit of 24672/42 - (-3)/(-7)?
7
Suppose 3*g = g + 846. What is the units digit of g?
3
Suppose -j + n + 165 = 0, -5*j + 3*j - 2*n + 350 = 0. What is the units digit of j?
0
Let q be 4/(-3)*(-513)/(-18). Let y = 59 + q. What is the tens digit of y?
2
What is the units digit of ((-904)/18 + (-4)/(-18))/(-2)?
5
Let f = 232 + -160. What is the tens digit of f/10*(-25)/(-2)?
9
Let s(d) = 5*d**2 + d - 2. Let v be s(1). Suppose 0 = v*w - i - 233, -2*w + 3*i - 156 = -5*w. What is the units digit of w?
7
Let m(r) = 5*r + 1. Let p(y) = -11*y - 3. Let a(k) = 9*m(k) + 4*p(k). What is the units digit of a(4)?
1
Let y = 9 - 25. Let l = y - -48. What is the tens digit of l - (8/(-4) + 2)?
3
Let x(d) = 3*d**2 - 27*d - 27. Let q = -12 + 25. What is the hundreds digit of x(q)?
1
Let i(x) = -5*x - 26. Let d(n) = -n**2 - 13*n - 13. Let y be d(-13). What is the tens digit of i(y)?
3
Suppose -u - 70 = 3*t - 7*t, -u - 2 = 0. Let q(d) = 3*d - 33. What is the units digit of q(t)?
8
Suppose 84 - 1709 = -25*u. What is the units digit of u?
5
Let g = -7 + 9. Suppose 0 = j - g*j + 3. Suppose -j*l + 33 = -2*l. What is the units digit of l?
3
Suppose -5*z = -8 - 2. Suppose 3*a - 45 = -z*a. Let j = -5 + a. What is the units digit of j?
4
Suppose 3*n - 3*r - 1288 = 122, 4*n - 1916 = -5*r. What is the hundreds digit of n?
4
Let n(w) = -444*w - 178. What is the tens digit of n(-12)?
5
Let i(k) be the first derivative of k**4/2 + k**2/2 + 4. Let n be i(-2). Let y = n - -40. What is the units digit of y?
2
Let n be 3 - (-2802 - (2 - 3)). Let y be 14/(-35) - n/(-10). What is the units digit of (-2)/6 + y/12?
3
Let w be 7 + -3 - (0 - -1). Let o(c) = c**3 + 26*c**2 + c + 24. Let u be o(-26). What is the tens digit of -19*-2*(w + u)?
3
Suppose 1785 = 12*f + 9*f. What is the units digit of f?
5
Let c be 22/(-6) + (-10)/(-15) - -3. Suppose -24*t + 25*t - 79 = c. What is the tens digit of t?
7
Let x be 27/6 - 6/12. Suppose 4*h - 5 = f, -10 = -x*h - 2. Suppose i + 4*v = f*i - 86, v - 136 = -4*i. What is the units digit of i?
5
Suppose -3*z = 5*u - 29 + 6, 0 = -4*z + 2*u + 48. Let f = -705 + 753. Let s = f - z. What is the tens digit of s?
3
Let c = 699 + -13. What is the tens digit of c?
8
Suppose 0 = -2*p + 6*p - u + 492, 4*u - 480 = 4*p. Let i = 213 + p. What is the units digit of i?
9
Let p be (-120)/(-28) + 2/(-7). What is the tens digit of -1 + 41 - ((-15)/3 + p)?
4
Suppose -3*k - 27*b + 2606 = -31*b, -k + 867 = -3*b. What is the tens digit of k?
7
Suppose -1758 = 5*j - 11*j. Let g = j + -170. What is the tens digit of g?
2
Let b(j) = 203*j + 674. What is the hundreds digit of b(5)?
6
Suppose 0 = -4*g + 2*p + 78, -2*g - 3*p = 2*g - 73. Suppose 3*u + 4 = g. Suppose 5*v = -u*x + x + 99, -v = 5. What is the units digit of x?
1
Let m be -1*2*4 + (4 - 0). Let g(z) = -2*z**3 - 3*z**2 - 10*z - 4. What is the units digit of g(m)?
6
Let d = -2 - -2. Suppose 2*i - i - 77 = d. Suppose 5*b + 12 - i = 0. What is the tens digit of b?
1
What is the hundreds digit of (20/8 + -2)*1618?
8
Let u = -366 - -1054. What is the units digit of u?
8
Suppose -54977 = -34*s + 35089. What is the hundreds digit of s?
6
Supp